mainder when 6073438 is divided by 13587.
49
What is the remainder when 19222549 is divided by 3814?
3803
Calculate the remainder when 1222167 is divided by 1362.
453
Calculate the remainder when 9843 is divided by 3271.
30
Calculate the remainder when 51574 is divided by 1674.
1354
What is the remainder when 183043 is divided by 3520?
3
What is the remainder when 1473929599 is divided by 88?
87
What is the remainder when 1708127 is divided by 29967?
8
What is the remainder when 51257598 is divided by 20?
18
Calculate the remainder when 301294 is divided by 537.
37
Calculate the remainder when 237115 is divided by 11854.
35
What is the remainder when 60918058 is divided by 14?
12
Calculate the remainder when 53501646 is divided by 5293.
2
Calculate the remainder when 6389050 is divided by 737.
734
Calculate the remainder when 8385556 is divided by 163.
21
Calculate the remainder when 484942 is divided by 5903.
896
What is the remainder when 11991303 is divided by 26?
25
What is the remainder when 154053778 is divided by 30?
28
Calculate the remainder when 53149300 is divided by 102014.
6
What is the remainder when 39042568 is divided by 163358?
6
Calculate the remainder when 1418748 is divided by 218.
4
Calculate the remainder when 95442 is divided by 696.
90
What is the remainder when 226706 is divided by 578?
130
Calculate the remainder when 27827 is divided by 1445.
372
Calculate the remainder when 16798869 is divided by 820.
349
What is the remainder when 40310225 is divided by 139?
86
What is the remainder when 7772077 is divided by 1943001?
73
Calculate the remainder when 3755925 is divided by 12.
9
Calculate the remainder when 78181 is divided by 9217.
4445
Calculate the remainder when 1139086 is divided by 379532.
490
Calculate the remainder when 566931 is divided by 445.
1
What is the remainder when 4125715 is divided by 581?
34
Calculate the remainder when 7367572 is divided by 967.
966
Calculate the remainder when 58098 is divided by 180.
138
What is the remainder when 62046327 is divided by 20682078?
93
What is the remainder when 63876066 is divided by 103?
101
Calculate the remainder when 340783 is divided by 1343.
1004
What is the remainder when 1138027 is divided by 7958?
33
What is the remainder when 5562 is divided by 3937?
1625
Calculate the remainder when 35685813 is divided by 16.
5
What is the remainder when 70580 is divided by 78?
68
What is the remainder when 75285 is divided by 1476?
9
What is the remainder when 147961826 is divided by 44?
34
Calculate the remainder when 152448 is divided by 1003.
995
Calculate the remainder when 7338 is divided by 1390.
388
Calculate the remainder when 47465 is divided by 546.
509
Calculate the remainder when 276583 is divided by 276543.
40
What is the remainder when 22581162 is divided by 470?
12
Calculate the remainder when 83786 is divided by 3613.
687
Calculate the remainder when 1351844 is divided by 1875.
1844
What is the remainder when 42834 is divided by 14233?
135
Calculate the remainder when 918551 is divided by 135.
11
What is the remainder when 4546881 is divided by 1136667?
213
Calculate the remainder when 284340 is divided by 1808.
484
Calculate the remainder when 94982766 is divided by 51066.
6
Calculate the remainder when 4529646974 is divided by 128.
126
Calculate the remainder when 78793858 is divided by 6.
4
Calculate the remainder when 25432177 is divided by 3775.
2
What is the remainder when 21709 is divided by 5325?
409
Calculate the remainder when 567919 is divided by 4270.
9
Calculate the remainder when 57597238 is divided by 194.
190
What is the remainder when 23162557 is divided by 23953?
6
Calculate the remainder when 1941421 is divided by 7860.
1
What is the remainder when 176015 is divided by 1850?
265
Calculate the remainder when 18605 is divided by 6186.
47
What is the remainder when 272358 is divided by 2161?
72
Calculate the remainder when 714091 is divided by 119014.
7
Calculate the remainder when 18376 is divided by 5888.
712
What is the remainder when 87224 is divided by 1083?
584
What is the remainder when 553381998 is divided by 3924695?
3
Calculate the remainder when 91860419 is divided by 121.
2
What is the remainder when 26360006 is divided by 8?
6
What is the remainder when 7343511 is divided by 412?
23
Calculate the remainder when 397712188 is divided by 132570727.
7
Calculate the remainder when 434643 is divided by 108653.
31
Calculate the remainder when 7257588 is divided by 3718.
52
What is the remainder when 4252094 is divided by 132?
110
What is the remainder when 7836 is divided by 1330?
1186
Calculate the remainder when 25557 is divided by 428.
305
What is the remainder when 392368132 is divided by 16?
4
What is the remainder when 2610653 is divided by 197?
9
What is the remainder when 246125604 is divided by 82041865?
9
What is the remainder when 68123 is divided by 490?
13
Calculate the remainder when 8951439 is divided by 89.
86
What is the remainder when 337578 is divided by 67515?
3
Calculate the remainder when 27213532 is divided by 210.
52
Calculate the remainder when 2021718 is divided by 24945.
1173
What is the remainder when 501919 is divided by 100366?
89
What is the remainder when 13789921 is divided by 30?
1
What is the remainder when 9969681 is divided by 676?
33
What is the remainder when 119325 is divided by 59408?
509
What is the remainder when 16020509 is divided by 79?
20
What is the remainder when 2446 is divided by 1203?
40
Calculate the remainder when 135025 is divided by 1312.
1201
What is the remainder when 117730 is divided by 1983?
733
What is the remainder when 5352579 is divided by 1185?
1119
Calculate the remainder when 76872 is divided by 2490.
2172
Calculate the remainder when 149822 is divided by 49629.
935
What is the remainder when 995427 is divided by 9830?
2597
What is the remainder when 16197 is divided by 70?
27
What is the remainder when 73426 is divided by 6523?
1673
What is the remainder when 57375111 is divided by 4405?
4391
Calculate the remainder when 102507 is divided by 156.
15
What is the remainder when 4359277 is divided by 8878?
179
What is the remainder when 38642 is divided by 1230?
512
What is the remainder when 519841 is divided by 108?
37
What is the remainder when 376124 is divided by 5149?
247
What is the remainder when 12716679 is divided by 373?
363
What is the remainder when 24488 is divided by 7130?
3098
Calculate the remainder when 1519830 is divided by 1170.
0
What is the remainder when 30509 is divided by 421?
197
What is the remainder when 2812475 is divided by 2720?
2715
Calculate the remainder when 169811 is divided by 18854.
125
Calculate the remainder when 30840492 is divided by 83.
16
What is the remainder when 938730 is divided by 54?
48
What is the remainder when 36455220 is divided by 361?
357
Calculate the remainder when 181805 is divided by 1486.
513
Calculate the remainder when 24648593 is divided by 283317.
14
What is the remainder when 681754 is divided by 226313?
2815
What is the remainder when 19752507 is divided by 207921?
12
What is the remainder when 252499 is divided by 12017?
142
What is the remainder when 80237040 is divided by 26?
0
Calculate the remainder when 60548 is divided by 260.
228
Calculate the remainder when 17851 is divided by 17821.
30
Calculate the remainder when 519988 is divided by 420.
28
What is the remainder when 9222566 is divided by 2925?
41
Calculate the remainder when 25629130 is divided by 8543037.
19
What is the remainder when 94464766 is divided by 48?
46
What is the remainder when 1329224 is divided by 17?
11
Calculate the remainder when 497520089 is divided by 76.
73
Calculate the remainder when 30339 is divided by 6763.
3287
Calculate the remainder when 17475580 is divided by 106.
102
What is the remainder when 721640 is divided by 3165?
20
What is the remainder when 1939242 is divided by 781?
19
What is the remainder when 18461 is divided by 8212?
2037
Calculate the remainder when 547967 is divided by 2481.
2147
Calculate the remainder when 548834 is divided by 137200.
34
Calculate the remainder when 37625007 is divided by 245915.
12
Calculate the remainder when 9089723 is divided by 7769.
7762
Calculate the remainder 